{"id":578,"date":"2020-01-27T06:11:58","date_gmt":"2020-01-27T06:11:58","guid":{"rendered":"https:\/\/duplexo.cymolthemes.com\/?page_id=578"},"modified":"2023-02-20T12:31:48","modified_gmt":"2023-02-20T11:31:48","slug":"qui-sommes-nous","status":"publish","type":"page","link":"https:\/\/horse-ic.com\/horse\/qui-sommes-nous\/","title":{"rendered":"QUI SOMMES-NOUS ?"},"content":{"rendered":"<p>[vc_row cmt_bgimagefixed=\u00a0\u00bb\u00a0\u00bb break_in_responsive=\u00a0\u00bb991&Prime; full_width=\u00a0\u00bbstretch_row\u00a0\u00bb tm_bgimagefixed=\u00a0\u00bb\u00a0\u00bb css=\u00a0\u00bb.vc_custom_1582784111206{padding-top: 90px !important;padding-bottom: 55px !important;background-image: url(https:\/\/horse-ic.com\/horse\/wp-content\/uploads\/2020\/01\/cmt-rowbg-05.png?id=597) !important;background-position: center !important;background-repeat: no-repeat !important;background-size: cover !important;}\u00a0\u00bb cmt_responsive_css=\u00a0\u00bb81615131|colbreak_no|||||||||colbreak_no|||||50px||25px||colbreak_no||||||||||colbreak_no|||||||||\u00a0\u00bb][vc_column width=\u00a0\u00bb1\/2&Prime; css=\u00a0\u00bb.vc_custom_1646402545502{background-image: url(https:\/\/horse-ic.com\/horse\/wp-content\/uploads\/2022\/03\/A-Propos.jpg?id=1908) !important;}\u00a0\u00bb][vc_single_image image=\u00a0\u00bb1912&Prime; img_size=\u00a0\u00bbfull\u00a0\u00bb][\/vc_column][vc_column width=\u00a0\u00bb1\/2&Prime; css=\u00a0\u00bb.vc_custom_1582005484782{padding-top: 33px !important;}\u00a0\u00bb cmt_responsive_css=\u00a0\u00bb88025111|colbreak_no|||||||||colbreak_no|||||0px||||colbreak_no||||||||||colbreak_no|||||||||\u00a0\u00bb]<div class=\"cmt-element-heading-wrapper cmt-sboxheading-inner cmt-sboxelement-align-left cmt-seperator-none cmt-sboxheading-style-vertical  vc_custom_1643894223313\"><section class=\"cmt-sboxvc_cta3-container\"><div class=\"cmt-vc_general cmt-sboxvc_cta3 cmt-sboxcta3-only cmt-sboxvc_cta3-style-classic cmt-sboxvc_cta3-shape-rounded cmt-sboxvc_cta3-align-left cmt-sboxvc_cta3-color-transparent cmt-sboxvc_cta3-icon-size-md cmt-sboxvc_cta3-actions-no cmt-sboxcta3-with-desc\"><div class=\"cmt-vc_cta3_content-container\"><div class=\"cmt-vc_cta3-content\"><header class=\"cmt-vc_cta3-content-header cmt-section-wrapper\"><div class=\"cmt-sboxvc_cta3-headers cmt-section-wrapper-cell\"><h2 class=\"cmt-custom-heading \" >QUI SOMMES-NOUS ?<\/h2>\n<\/div><div class=\"heading-seperator\"><span><\/span><\/div><\/header><div class=\"cmt-sboxcta3-content-wrapper\">\n<p style=\"text-align: justify;\">Cr\u00e9\u00e9e en 2003 en tant que Soci\u00e9t\u00e9 d&rsquo;Ing\u00e9nieurs et Bureau d&rsquo;\u00c9tudes, les activit\u00e9s de HORSE s&rsquo;\u00e9tendent aux Missions d&rsquo;\u00c9tudes, Contr\u00f4le et Surveillance des travaux. Elle est tr\u00e8s ouverte aux comp\u00e9tences nationales, de la sous-r\u00e9gion et de l&rsquo;international.<\/p>\n<p><\/div><\/div><\/div><\/div><\/section><\/div> <!-- .cmt-element-heading-wrapper container --> [vc_row_inner css=\u00a0\u00bb.vc_custom_1576660448022{padding-bottom: 12px !important;}\u00a0\u00bb][vc_column_inner]<h2 style=\"text-align:center;font-size:22PX;line-height:25px;\" class=\"cmt-custom-heading \" >LES SECTEURS D'ACTIVITES<\/h2>\n[\/vc_column_inner][\/vc_row_inner][vc_column_text css=\u00a0\u00bb.vc_custom_1643895298341{margin-top: -40px !important;}\u00a0\u00bb]<\/p>\n<ul>\n<li>\u00c9tudes d&rsquo;ing\u00e9nieries-conseils<\/li>\n<li>Assistance technique<\/li>\n<li>Ma\u00eetrise d&rsquo;\u0153uvre des projets de d\u00e9veloppement en g\u00e9nie civil, en hydraulique, en transports, en am\u00e9nagements hydro-agricoles et en urbanisme<\/li>\n<li>Audits techniques et \u00e9tudes \u00e9conomiques diverses<\/li>\n<li>Ma\u00eetrise d&rsquo;ouvrage<\/li>\n<li>Transports<\/li>\n<li>Environnement<\/li>\n<li>Gestion des d\u00e9chets<\/li>\n<li>Gestion des eaux us\u00e9esAdduction d&rsquo;eau<\/li>\n<\/ul>\n<p>[\/vc_column_text][\/vc_column][\/vc_row][vc_row cmt_bgimagefixed=\u00a0\u00bb\u00a0\u00bb css=\u00a0\u00bb.vc_custom_1643895541479{margin-top: -50px !important;}\u00a0\u00bb][vc_column][vc_column_text]<\/p>\n<p style=\"text-align: justify;\"><span style=\"font-size: 14px;\">En Ing\u00e9nierie, le Bureau HORSE est sp\u00e9cialis\u00e9 dans les domaines d&rsquo;\u00c9tudes, Expertises, Contr\u00f4le et Surveillance, Assistance et Conseils en travaux de construction de b\u00e2timents, des Travaux Publics, d&rsquo;assainissement urbain et rural, d&rsquo;hydraulique villageoise et autres am\u00e9nagement hydro agricoles. Le Bureau regroupe diff\u00e9rentes comp\u00e9tences professionnelles qui lui permettent d&rsquo;appr\u00e9hender chaque probl\u00e8me et de proposer les cadres et techniciens adapt\u00e9s \u00e0 leur solution<\/span><\/p>\n<p>[\/vc_column_text][\/vc_column][\/vc_row][vc_row cmt_bgimagefixed=\u00a0\u00bb\u00a0\u00bb break_in_responsive=\u00a0\u00bb991&Prime; full_width=\u00a0\u00bbstretch_row\u00a0\u00bb equal_height=\u00a0\u00bbyes\u00a0\u00bb tm_bgimagefixed=\u00a0\u00bb\u00a0\u00bb tm_zindex=\u00a0\u00bb2&Prime; css=\u00a0\u00bb.vc_custom_1582005494620{padding-top: 0px !important;padding-bottom: 0px !important;}\u00a0\u00bb][vc_column reduce_extra_padding=\u00a0\u00bb991&Prime; cmt_col_bg_expand=\u00a0\u00bbleft\u00a0\u00bb width=\u00a0\u00bb3\/4&Prime; css=\u00a0\u00bb.vc_custom_1582784139551{padding-top: 90px !important;padding-right: 350px !important;padding-bottom: 109px !important;background-image: url(https:\/\/horse-ic.com\/horse\/wp-content\/uploads\/2020\/01\/cmt-colbg05.png?id=650) !important;}\u00a0\u00bb cmt_responsive_css=\u00a0\u00bb99259825|colbreak_no|||||||||colbreak_no|||||5px||30px||colbreak_no||||||||||colbreak_no|||||||||\u00a0\u00bb]<div class=\"cmt-element-heading-wrapper cmt-sboxheading-inner cmt-sboxelement-align-left cmt-seperator-none cmt-sboxheading-style-vertical  vc_custom_1643892763563\"><section class=\"cmt-sboxvc_cta3-container\"><div class=\"cmt-vc_general cmt-sboxvc_cta3 cmt-sboxcta3-only cmt-sboxvc_cta3-style-classic cmt-sboxvc_cta3-shape-rounded cmt-sboxvc_cta3-align-left cmt-sboxvc_cta3-color-transparent cmt-sboxvc_cta3-icon-size-md cmt-sboxvc_cta3-actions-no cmt-sboxcta3-with-desc\"><div class=\"cmt-vc_cta3_content-container\"><div class=\"cmt-vc_cta3-content\"><header class=\"cmt-vc_cta3-content-header cmt-section-wrapper\"><div class=\"cmt-sboxvc_cta3-headers cmt-section-wrapper-cell\"><h2 class=\"cmt-custom-heading \" >PRESTATIONS ET SAVOIR-FAIRE<\/h2>\n<\/div><div class=\"heading-seperator\"><span><\/span><\/div><\/header><div class=\"cmt-sboxcta3-content-wrapper\">\n<ul>\n<li>Etudes de conception amont<\/li>\n<li>Etudes pr\u00e9liminaires ou sp\u00e9cialis\u00e9es<\/li>\n<li>Etudes de faisabilit\u00e9<\/li>\n<li>Etudes \u00e9conomiques<\/li>\n<li>Ma\u00eetrise d&rsquo;oeuvre compl\u00e8te<\/li>\n<li>Assitance \u00e0 Ma\u00eetrise d&rsquo;ouvrage (AMO)<\/li>\n<li>Ma\u00eetrise d&rsquo;Ouvrage D\u00e9l\u00e9gu\u00e9e (MOD)<\/li>\n<li>Etudes G\u00e9n\u00e9rales<\/li>\n<li>Etudes d&rsquo;avant-projet et de projet<\/li>\n<li>Etudes d&rsquo;ex\u00e9cution<\/li>\n<li>Supervision des travaux<\/li>\n<li>Management de projets<\/li>\n<\/ul>\n<p><\/div><\/div><\/div><\/div><\/section><\/div> <!-- .cmt-element-heading-wrapper container --> [\/vc_column][vc_column cmt_col_bg_expand=\u00a0\u00bbright\u00a0\u00bb cmt_zindex=\u00a0\u00bb2&Prime; width=\u00a0\u00bb1\/4&Prime; tm_bgcolor=\u00a0\u00bbwhite\u00a0\u00bb tm_shadow=\u00a0\u00bbyes\u00a0\u00bb css=\u00a0\u00bb.vc_custom_1582784166727{padding-top: 90px !important;padding-bottom: 109px !important;background-image: url(https:\/\/horse-ic.com\/horse\/wp-content\/uploads\/2020\/02\/post-two.jpg?id=1472) !important;background-position: center !important;background-repeat: no-repeat !important;background-size: cover !important;}\u00a0\u00bb cmt_responsive_css=\u00a0\u00bb80624143|colbreak_no|||||||||colbreak_no|||||50px||50px||colbreak_no||||||||||colbreak_no|||||||||\u00a0\u00bb][vc_row_inner css=\u00a0\u00bb.vc_custom_1582005883364{margin-right: 0px !important;margin-left: -315px !important;padding-top: 40px !important;padding-right: 15px !important;padding-bottom: 5px !important;padding-left: 15px !important;}\u00a0\u00bb el_class=\u00a0\u00bbcmt-bgcolor-white\u00a0\u00bb cmt_responsive_css=\u00a0\u00bb39207244|colbreak_no|||||||||colbreak_no||||0px||0px||0px|colbreak_no||||||||||colbreak_no|||||||||\u00a0\u00bb][vc_column_inner]<div class=\"cmt-element-heading-wrapper cmt-sboxheading-inner cmt-sboxelement-align-left cmt-seperator-none cmt-sboxheading-style-vertical \"><section class=\"cmt-sboxvc_cta3-container\"><div class=\"cmt-vc_general cmt-sboxvc_cta3 cmt-sboxcta3-only cmt-sboxvc_cta3-style-classic cmt-sboxvc_cta3-shape-rounded cmt-sboxvc_cta3-align-left cmt-sboxvc_cta3-color-transparent cmt-sboxvc_cta3-icon-size-md cmt-sboxvc_cta3-actions-no cmt-sboxcta3-with-desc\"><div class=\"cmt-vc_cta3_content-container\"><div class=\"cmt-vc_cta3-content\"><header class=\"cmt-vc_cta3-content-header cmt-section-wrapper\"><div class=\"cmt-sboxvc_cta3-headers cmt-section-wrapper-cell\"><h2 class=\"cmt-custom-heading \" >Un moyen facile de collaborer<\/h2>\n<\/div><div class=\"heading-seperator\"><span><\/span><\/div><\/header><div class=\"cmt-sboxcta3-content-wrapper\"><p>Nous avons une longue et fi\u00e8re histoire en mettant l&rsquo;accent sur les r\u00e9sultats sociaux et \u00e9conomiques de l&rsquo;environnement<\/p><\/div><\/div><\/div><\/div><\/section><\/div> <!-- .cmt-element-heading-wrapper container --> <div class=\"cymolthemes-progress-bar vc_progress_bar wpb_content_element vc_progress-bar-color-skincolor vc_custom_1643893183656 vc_progress-bar-color-skincolor\"><div class=\"cmt-sboxpbar-single-bar-w cmt-sboxpbar-icon-false\"><div class=\"vc_general vc_single_bar vc_progress-bar-color-skincolor\"><small class=\"vc_label\">G\u00e9nie Civil<\/small> <span class=\"cmt-sboxvc_label_units vc_label_units\">92%<\/span><span class=\"vc_bar \" data-percentage-value=\"92\" data-value=\"92\"><\/span><\/div><\/div><div class=\"cmt-sboxpbar-single-bar-w cmt-sboxpbar-icon-false\"><div class=\"vc_general vc_single_bar\"><small class=\"vc_label\">Audits techniques<\/small> <span class=\"cmt-sboxvc_label_units vc_label_units\">85%<\/span><span class=\"vc_bar \" data-percentage-value=\"85\" data-value=\"85\"><\/span><\/div><\/div><div class=\"cmt-sboxpbar-single-bar-w cmt-sboxpbar-icon-false\"><div class=\"vc_general vc_single_bar\"><small class=\"vc_label\">Transports<\/small> <span class=\"cmt-sboxvc_label_units vc_label_units\">92%<\/span><span class=\"vc_bar \" data-percentage-value=\"92\" data-value=\"92\"><\/span><\/div><\/div><\/div>[\/vc_column_inner][\/vc_row_inner][\/vc_column][\/vc_row][vc_row][vc_column]<div class=\"cymolthemes-boxes cymolthemes-boxes-client cymolthemes-boxes-view-carousel cymolthemes-boxes-col-five cymolthemes-boxes-sortable- cymolthemes-boxes-textalign-center cmt-sboxcta3-rev-heading cmt-sboxboxes-carousel-arrows-above cmt-sboxboxes-txtalign-center\" data-cmt-sboxspeed=\"1500\" data-cmt-sboxautoplay=\"1\" data-cmt-sboxautoplayspeed=\"4500\" data-cmt-sboxloop=\"1\" data-cmt-sboxdots=\"0\" data-cmt-sboxnav=\"above\" data-cmt-sboxcentermode=\"0\" data-cmt-sboxcenterpadding=\"300\" data-cmt-sboxpauseonfocus=\"1\" data-cmt-sboxpauseonhover=\"1\" data-cmt-sboxslidestoscroll=\"column\" data-cmt-sboxeffecttype=\"slide\">\n\t\t<div class=\"cymolthemes-boxes-inner cymolthemes-boxes-client-inner \"><div class=\"cymolthemes-box-heading-wrapper cmt-sboxelement-align-center\"><div class=\"cmt-element-heading-wrapper cmt-sboxheading-inner cmt-sboxelement-align-center cmt-seperator-solid cmt-sboxheading-style-vertical \"><section class=\"cmt-sboxvc_cta3-container\"><div class=\"cmt-vc_general cmt-sboxvc_cta3 cmt-sboxcta3-only cmt-sboxvc_cta3-style-classic cmt-sboxvc_cta3-shape-rounded cmt-sboxvc_cta3-align-center cmt-sboxvc_cta3-color-transparent cmt-sboxvc_cta3-icon-size-md cmt-sboxvc_cta3-actions-no cmt-sboxcta3-without-desc\"><div class=\"cmt-vc_cta3_content-container\"><div class=\"cmt-vc_cta3-content\"><header class=\"cmt-vc_cta3-content-header cmt-section-wrapper\"><div class=\"cmt-sboxvc_cta3-headers cmt-section-wrapper-cell\"><h2 class=\"cmt-custom-heading \" >Nos Partenaires<\/h2>\n<\/div><div class=\"heading-seperator\"><span><\/span><\/div><\/header><\/div><\/div><\/div><\/section><\/div> <!-- .cmt-element-heading-wrapper container --> <\/div> <!-- .cmt-element-heading-wrapper container --> \n\t\t\t\n\t\t\t<div class=\"row multi-columns-row cymolthemes-boxes-row-wrapper\">\n\t\t\t\t<div class=\"cmt-sboxbox-col-wrapper col-lg-20percent col-sm-4 col-md-4 col-xs-12 \"><div class=\"cmt-client-logo-box-w\"><div class=\"cmt-client-logo-tooltip\" data-tooltip=\"MINISTERE DE L&rsquo;AGRICULTURE DE L&rsquo;ELEVAGE ET DE LA P\u00caCHE\"><a class=\"cmt-client-logo-link\" href=\"#\"><span class=\"cymolthemes-box cymolthemes-box-client cymolthemes-box-view-boxed-logo cymolthemes-client-box-view-boxed-logo\">\n\t\n\t\t<span class=\"cymolthemes-item-thumbnail\">\n\t\t\t<span class=\"cymolthemes-item-thumbnail-inner\">\n\t\t\t\t<img width=\"1417\" height=\"1572\" src=\"https:\/\/horse-ic.com\/horse\/wp-content\/uploads\/2022\/03\/P4.jpg\" class=\"attachment-full size-full wp-post-image\" alt=\"\" \/>\n\t\t\t<\/span>\n\t\t<\/span><\/span>\n<\/a><\/div><\/div><!-- .cmt-client-logo-box-w --> <\/div><div class=\"cmt-sboxbox-col-wrapper col-lg-20percent col-sm-4 col-md-4 col-xs-12 \"><div class=\"cmt-client-logo-box-w\"><div class=\"cmt-client-logo-tooltip\" data-tooltip=\"MINISTERE DES INFRASTRUCTURES ET DES TRANSPORTS\"><a class=\"cmt-client-logo-link\" href=\"#\"><span class=\"cymolthemes-box cymolthemes-box-client cymolthemes-box-view-boxed-logo cymolthemes-client-box-view-boxed-logo\">\n\t\n\t\t<span class=\"cymolthemes-item-thumbnail\">\n\t\t\t<span class=\"cymolthemes-item-thumbnail-inner\">\n\t\t\t\t<img width=\"1417\" height=\"1572\" src=\"https:\/\/horse-ic.com\/horse\/wp-content\/uploads\/2022\/03\/P3.jpg\" class=\"attachment-full size-full wp-post-image\" alt=\"\" \/>\n\t\t\t<\/span>\n\t\t<\/span><\/span>\n<\/a><\/div><\/div><!-- .cmt-client-logo-box-w --> <\/div><div class=\"cmt-sboxbox-col-wrapper col-lg-20percent col-sm-4 col-md-4 col-xs-12 \"><div class=\"cmt-client-logo-box-w\"><div class=\"cmt-client-logo-tooltip\" data-tooltip=\"AGETUR\"><a class=\"cmt-client-logo-link\" href=\"#\"><span class=\"cymolthemes-box cymolthemes-box-client cymolthemes-box-view-boxed-logo cymolthemes-client-box-view-boxed-logo\">\n\t\n\t\t<span class=\"cymolthemes-item-thumbnail\">\n\t\t\t<span class=\"cymolthemes-item-thumbnail-inner\">\n\t\t\t\t<img width=\"1417\" height=\"1572\" src=\"https:\/\/horse-ic.com\/horse\/wp-content\/uploads\/2022\/03\/P2.jpg\" class=\"attachment-full size-full wp-post-image\" alt=\"\" \/>\n\t\t\t<\/span>\n\t\t<\/span><\/span>\n<\/a><\/div><\/div><!-- .cmt-client-logo-box-w --> <\/div><div class=\"cmt-sboxbox-col-wrapper col-lg-20percent col-sm-4 col-md-4 col-xs-12 \"><div class=\"cmt-client-logo-box-w\"><div class=\"cmt-client-logo-tooltip\" data-tooltip=\"AGETIP-BENIN\"><a class=\"cmt-client-logo-link\" href=\"#\"><span class=\"cymolthemes-box cymolthemes-box-client cymolthemes-box-view-boxed-logo cymolthemes-client-box-view-boxed-logo\">\n\t\n\t\t<span class=\"cymolthemes-item-thumbnail\">\n\t\t\t<span class=\"cymolthemes-item-thumbnail-inner\">\n\t\t\t\t<img width=\"1417\" height=\"1572\" src=\"https:\/\/horse-ic.com\/horse\/wp-content\/uploads\/2022\/03\/P1.jpg\" class=\"attachment-full size-full wp-post-image\" alt=\"\" \/>\n\t\t\t<\/span>\n\t\t<\/span><\/span>\n<\/a><\/div><\/div><!-- .cmt-client-logo-box-w --> <\/div><div class=\"cmt-sboxbox-col-wrapper col-lg-20percent col-sm-4 col-md-4 col-xs-12 \"><div class=\"cmt-client-logo-box-w\"><div class=\"cmt-client-logo-tooltip\" data-tooltip=\"SONEB\"><a class=\"cmt-client-logo-link\" href=\"#\"><span class=\"cymolthemes-box cymolthemes-box-client cymolthemes-box-view-boxed-logo cymolthemes-client-box-view-boxed-logo\">\n\t\n\t\t<span class=\"cymolthemes-item-thumbnail\">\n\t\t\t<span class=\"cymolthemes-item-thumbnail-inner\">\n\t\t\t\t<img width=\"1417\" height=\"1572\" src=\"https:\/\/horse-ic.com\/horse\/wp-content\/uploads\/2022\/03\/5.jpg\" class=\"attachment-full size-full wp-post-image\" alt=\"\" \/>\n\t\t\t<\/span>\n\t\t<\/span><\/span>\n<\/a><\/div><\/div><!-- .cmt-client-logo-box-w --> <\/div>\n\t\t\t<\/div>\n\t\t<\/div><!-- .cymolthemes-boxes-inner -->   <\/div><!-- .cymolthemes-boxes -->  [\/vc_column][\/vc_row]<\/p>\n","protected":false},"excerpt":{"rendered":"<p>[vc_row cmt_bgimagefixed=\u00a0\u00bb\u00a0\u00bb break_in_responsive=\u00a0\u00bb991&Prime; full_width=\u00a0\u00bbstretch_row\u00a0\u00bb tm_bgimagefixed=\u00a0\u00bb\u00a0\u00bb css=\u00a0\u00bb.vc_custom_1582784111206{padding-top: 90px !important;padding-bottom: 55px !important;background-image: url(https:\/\/horse-ic.com\/horse\/wp-content\/uploads\/2020\/01\/cmt-rowbg-05.png?id=597) !important;background-position: center !important;background-repeat: no-repeat !important;background-size: cover !important;}\u00a0\u00bb cmt_responsive_css=\u00a0\u00bb81615131|colbreak_no|||||||||colbreak_no|||||50px||25px||colbreak_no||||||||||colbreak_no|||||||||\u00a0\u00bb][vc_column width=\u00a0\u00bb1\/2&Prime; css=\u00a0\u00bb.vc_custom_1646402545502{background-image: url(https:\/\/horse-ic.com\/horse\/wp-content\/uploads\/2022\/03\/A-Propos.jpg?id=1908) !important;}\u00a0\u00bb][vc_single_image image=\u00a0\u00bb1912&Prime; img_size=\u00a0\u00bbfull\u00a0\u00bb][\/vc_column][vc_column width=\u00a0\u00bb1\/2&Prime; css=\u00a0\u00bb.vc_custom_1582005484782{padding-top: 33px !important;}\u00a0\u00bb cmt_responsive_css=\u00a0\u00bb88025111|colbreak_no|||||||||colbreak_no|||||0px||||colbreak_no||||||||||colbreak_no|||||||||\u00a0\u00bb][vc_row_inner css=\u00a0\u00bb.vc_custom_1576660448022{padding-bottom: 12px !important;}\u00a0\u00bb][vc_column_inner][\/vc_column_inner][\/vc_row_inner][vc_column_text css=\u00a0\u00bb.vc_custom_1643895298341{margin-top: -40px !important;}\u00a0\u00bb] \u00c9tudes d&rsquo;ing\u00e9nieries-conseils Assistance technique Ma\u00eetrise d&rsquo;\u0153uvre des projets de d\u00e9veloppement en g\u00e9nie civil, en hydraulique, en transports, en am\u00e9nagements&#8230;<\/p>\n","protected":false},"author":1,"featured_media":0,"parent":0,"menu_order":5,"comment_status":"closed","ping_status":"closed","template":"","meta":[],"_links":{"self":[{"href":"https:\/\/horse-ic.com\/horse\/wp-json\/wp\/v2\/pages\/578"}],"collection":[{"href":"https:\/\/horse-ic.com\/horse\/wp-json\/wp\/v2\/pages"}],"about":[{"href":"https:\/\/horse-ic.com\/horse\/wp-json\/wp\/v2\/types\/page"}],"author":[{"embeddable":true,"href":"https:\/\/horse-ic.com\/horse\/wp-json\/wp\/v2\/users\/1"}],"replies":[{"embeddable":true,"href":"https:\/\/horse-ic.com\/horse\/wp-json\/wp\/v2\/comments?post=578"}],"version-history":[{"count":2,"href":"https:\/\/horse-ic.com\/horse\/wp-json\/wp\/v2\/pages\/578\/revisions"}],"predecessor-version":[{"id":1927,"href":"https:\/\/horse-ic.com\/horse\/wp-json\/wp\/v2\/pages\/578\/revisions\/1927"}],"wp:attachment":[{"href":"https:\/\/horse-ic.com\/horse\/wp-json\/wp\/v2\/media?parent=578"}],"curies":[{"name":"wp","href":"https:\/\/api.w.org\/{rel}","templated":true}]}}